419/9 - 16/(-36). Suppose w = 4*j + 2*p + 1, 1 = -p. Let s be (-30)/(-7) + 2/(-7). What is the highest common factor of s and j?
4
Let g = -39 + 50. Let x = g + -69. Let p = -27 - x. What is the highest common factor of p and 155?
31
Suppose 0 - 34 = -17*u. Suppose -3*g = -3 - 39. Let k = g - u. What is the highest common factor of k and 132?
12
Let i be 22/(-10)*3*1525/(-15). What is the greatest common factor of 22 and i?
11
Let y(a) = -23*a - 6. Let b be y(-12). Suppose -2*j + b - 78 = 0. What is the greatest common factor of 6 and j?
6
Let r be 50 + 21*(-40)/(-70). Calculate the greatest common divisor of r and 6.
2
Let g(x) = -9*x + 17. Let p be g(11). Let t = 115 + p. Let f(m) = -m**3 - 8*m**2 - 10*m - 10. Let n be f(-7). Calculate the greatest common divisor of n and t.
11
Let k(b) = 2*b**2 - 5*b - 8. Let u be k(4). Suppose -3*g = u*h + 166, -4*h = 2*g + 254 - 90. Let n = h + 69. What is the highest common divisor of n and 29?
29
Let r = -101 + 165. Let c(z) = 16*z**2 - 8*z. Let d be c(2). Calculate the highest common divisor of d and r.
16
Let o(p) = 76*p**3 + p**2 + p - 2. Let g be o(1). Suppose 11*y - 540 = -4*y. Let a = g - y. What is the highest common factor of a and 20?
20
Let a = -349 + 2382. Calculate the greatest common divisor of a and 214.
107
Suppose -87*b = -72*b - 9720. What is the highest common divisor of 360 and b?
72
Let y = 172 + -350. Let b = 194 + y. Calculate the highest common divisor of b and 112.
16
Let c(q) = -3*q**2 - 258*q - 30. Let r be c(-51). What is the highest common factor of r and 426?
213
Suppose 0 = -16*z + 13*z. Suppose -3*y = -z*y - 159. Calculate the highest common divisor of y and 583.
53
Suppose -28*x + 30*x + 8 = 0. Let a be (x/6)/(26/(-156)). Let c be (1 + 16/(-10))/(a/(-20)). What is the greatest common factor of c and 27?
3
Let w be (-9422 - (-5 + 0))*17/(-51). What is the highest common factor of 688 and w?
43
Suppose 0 = -740*i + 581*i + 463326. What is the highest common divisor of 558 and i?
62
Suppose -4 = 2*m, 5*o - 2*m - 686 = m. Let q(u) = u**3 + 23*u**2 + 26*u + 144. Let j be q(-22). What is the highest common factor of j and o?
8
Let c = 65 - 165. Let d = 14 + c. Let t = d - -123. What is the highest common divisor of 111 and t?
37
Let l be (-615)/(-82)*1*-2*-21. Let j be (-3)/7 - (-357345)/l. What is the greatest common factor of j and 21?
21
Suppose -4*l + 20*l - 976 = 0. Suppose -l*j - 81 = -70*j. What is the greatest common divisor of j and 39?
3
Let n(m) = 5*m**3 + m**2 + 168*m - 352. Let q be n(2). Calculate the greatest common divisor of q and 33964.
28
Let t(n) = -n**3 + 10*n**2 + 55*n - 278. Let m be t(7). What is the greatest common factor of 10287 and m?
127
Let v = -5 - -7. Let a be 5/(5/3) + 50/v. Let w = 38 - a. Calculate the highest common divisor of w and 10.
10
Let m be (-26)/(-3 + 4) - -4. Let k = 25 + m. Suppose 0 = 3*d - 5*j - 28 - 73, 5*j - 91 = -k*d. Calculate the greatest common divisor of d and 80.
16
Let o(f) = -f**3 + 12*f**2 + 16*f + 1. Let d be 17 - (-7)/(14/(-8)). Let k be o(d). Suppose -k*l + 44*l = 88. What is the highest common divisor of l and 2?
2
Let h(y) = 98*y**2 + 642*y + 1932. Let j be h(-3). What is the highest common divisor of 54 and j?
6
Suppose 802*h - 184011 - 266165 + 168674 = 0. Suppose -2*l + 71 = 5*d + l, -d + 4*l = -5. What is the greatest common divisor of d and h?
13
Let b be 2 - (-130*6)/(-2). Let m be 2/(-8) + b/(-16). Let r(f) = f**2 + 136*f - 1161. Let s be r(9). What is the highest common factor of m and s?
24
Let u(c) = -20*c**2 - 69*c + 364. Let k be u(5). Let h = k + 532. What is the highest common factor of h and 17?
17
Let p = 8318 - 6334. What is the highest common divisor of p and 31?
31
Let a(z) = 10*z + 170. Let q be a(-11). Calculate the highest common divisor of 348 and q.
12
Let a be 2/5 - (-5)/(-25) - 1428/(-35). What is the highest common divisor of a and 12095?
41
Let v(b) = 3*b**2 + 6*b - 2. Let i be v(-3). Let d = -4 - i. Let q = 51 + d. Calculate the highest common divisor of q and 360.
40
Suppose 0*n = 3*n - 120. Let k be -6 - (-1 + -1) - 0. Let f = n - k. What is the greatest common divisor of 110 and f?
22
Let o(n) = 52*n - 173. Let u be o(74). Calculate the highest common divisor of u and 75.
75
Suppose 2*l = 5*v + 879, v - 5*v - 723 = 5*l. Let z = -171 - v. Calculate the greatest common factor of 786 and z.
6
Let j(n) = -n**3 - 21*n**2 - 2*n + 50. Let p be j(-21). Calculate the highest common divisor of p and 92.
92
Let c(y) = -22*y**2 + 1351*y - 495. Let q be c(61). Let b be (12/14)/(1/14). What is the highest common divisor of b and q?
6
Let m(t) = 139*t - 18443. Let h be m(133). Let n = 3 + 2. Let k be ((-8)/(-10))/(1/n). What is the highest common divisor of k and h?
4
Let z be (-1 - -4) + (-30)/(-12)*(-3 + 45). What is the highest common factor of 19764 and z?
108
Let i be 1*-3 + 6 + 61 + -13. What is the greatest common factor of i and 6681?
51
Suppose 5888 - 24332 = -12*q. Calculate the greatest common divisor of q and 371.
53
Let y(z) = -11*z - 1. Let q be y(-1). Let f = -741 + 739. Let m be f/3 + (-4864)/(-96). What is the highest common divisor of m and q?
10
Suppose 0*g + 3*g = -2*i + 62, -30 = -5*g. What is the highest common divisor of 3938 and i?
22
Let x(z) = -2*z + 32. Suppose 0 = 2*i - 4*t + 48, 0*i + 4*t + 18 = -i. Let k be x(i). Let g = k - 69. What is the greatest common factor of g and 35?
7
Suppose -3*i + 3*d + 42 + 0 = 0, 6 = 2*d. Let o be 1143 + -9 + 1 + (-2 - -6). What is the greatest common divisor of i and o?
17
Let a = 116136 + -116100. Let j(y) = y**3 - 5*y**2 + 1. Let w be j(5). Let d be 37/2 + w/(-2). Calculate the highest common factor of a and d.
18
Let i be 102/4*1/(-3 - 217/(-70)). What is the highest common divisor of 663 and i?
51
Let k be (3 - (-1 + (-7)/(-2)))*-10. Let j = k - 117. Let p = j - -134. What is the highest common factor of 192 and p?
12
Let o = 357 + -250. Let z = o - 101. Calculate the greatest common divisor of z and 6.
6
Suppose -435 = -20*c + 6 + 359. What is the highest common factor of 128 and c?
8
Let n be 2/((-17)/((-85)/(-10))) + 352. Calculate the highest common factor of n and 13.
13
Let r be (8536/(-12) + 2)*(-24)/16. Calculate the greatest common divisor of r and 57.
19
Suppose -2*k + 155 - 45 = 0. Suppose 0*b - 2*b = 0. Let u(i) = i**3 + i**2 + 10. Let h be u(b). What is the highest common factor of k and h?
5
Let j = 1628 + -384. What is the highest common divisor of 4 and j?
4
Suppose 6*s = 2*s + 504. Let f(c) be the second derivative of -c**3/6 - 9*c**2/2 + 12*c - 3. Let y be f(-30). What is the greatest common factor of s and y?
21
Let x = -108 - -153. Let k = x + -13. Suppose 2*h + 5*o - 28 = 23, -4*h = -4*o - k. Calculate the greatest common factor of 52 and h.
13
Let t = 23 - -39. Let d(v) = 16*v - 69. Let m(q) = -q**2 + 32*q - 98. Let i be m(28). Let f be d(i). Calculate the greatest common divisor of t and f.
31
Let l = -19339 + 27086. What is the highest common factor of l and 61?
61
Suppose 2*z + 769 = 11*z - 4091. Calculate the highest common factor of 675 and z.
135
Let n(x) = -12*x**2 - 122*x - 4. Let d be n(-10). What is the greatest common factor of d and 10512?
16
Suppose -4*v = -a - 24179 + 660, 0 = -2*v + 3*a + 11757. What is the highest common factor of 120 and v?
120
Suppose 5*m - 3 = 4*m. Suppose 0 = 8*z - 57 - 103. Suppose -s + 15 = 5*r, -3*s + z = 5*r + 5. What is the greatest common divisor of r and m?
3
Let q(x) = 37*x - 1046. Let c be q(33). Calculate the highest common factor of 275 and c.
25
Suppose -2*u + 52 = -o + 19, u - 30 = -4*o. Let h(d) = 316*d + 66. Let a be h(0). What is the greatest common divisor of u and a?
6
Suppose 5*c - 105 = 4*p, -4*p - 4*c - 11 = 85. Let i be -12*(-2 + p/(-15)). Calculate the greatest common factor of 104 and i.
4
Suppose 4*l + 11 = 2*k + 5*l, -5*k - 3*l = -28. Suppose 2*m + v - 5*v - 292 = 0, -5*v = -k*m + 705. Calculate the highest common factor of 68 and m.
68
Suppose 42*a - 35447 + 21209 = 0. Let v = 1114 - 549. What is the greatest common factor of v and a?
113
Suppose -63 + 367 = 19*q. Suppose -3*x - 4*g = -107, 20*g = 16*g - q. Let y = -104 + 227. Calculate the greatest common factor of x and y.
41
Let j(i) = 115*i**2 + 5*i - 8. Let g be j(-6). Let z be g/18 + (-9